a**2 + 22*a - 222. What is z(9)?
-348
Let d(k) = 67*k - 206. What is d(3)?
-5
Let y(s) = -3*s - 72. What is y(-36)?
36
Let n(t) = 4*t**3 + 14*t**2 + 46*t + 37. Determine n(-4).
-179
Let k(i) = -567*i + 10206. Give k(18).
0
Let m(f) = -11*f**2 + 96*f + 38. Give m(9).
11
Let p(g) = -4*g**2 - 6*g - 5. What is p(-1)?
-3
Let w(r) = -r**2 - 115*r - 3124. What is w(-71)?
0
Let q(s) = -21*s**2 + 2332*s - 209. What is q(111)?
-98
Let l(u) = -u**3 + 57*u**2 + 2*u - 103. Give l(57).
11
Let f(y) = -y**2 + 12*y + 12. Give f(6).
48
Let p(d) = -659*d - 4616. Give p(-7).
-3
Let u(x) = -39*x**3 + x**2 - 4*x - 11. Determine u(-2).
313
Let n(j) = j**3 - 41*j**2 - 279*j + 28. Calculate n(-6).
10
Let k(g) = -g**3 - g**2 + 56*g - 92. Calculate k(6).
-8
Let m(i) = -i**3 + 60*i**2 + 57*i + 330. Calculate m(61).
86
Let f(a) = a**3 + 35*a**2 + 88*a + 3076. Give f(-35).
-4
Let w(h) = 5091*h + 40728. Give w(-8).
0
Let m(w) = -w**3 + 93*w**2 + 190*w + 40. Give m(95).
40
Let t(j) = -6*j**2 - 57*j + 2577. What is t(-26)?
3
Let n(h) = -2*h**2 + 59*h + 560. Give n(-8).
-40
Let g(r) = -r**3 + 14*r**2 - 16*r - 111. Determine g(12).
-15
Let s(x) = -5*x**2 - 15*x + 647. What is s(-13)?
-3
Let x(c) = 2*c**2 - c - 3. Determine x(-1).
0
Let c(q) = q**3 - 19*q**2 + 55*q + 52. What is c(5)?
-23
Let m(b) = 3139*b + 25107. What is m(-8)?
-5
Let v(r) = -11*r**2 + 271*r + 107. Calculate v(25).
7
Let m(c) = -c**3 - 6*c**2 + 12*c - 14. Give m(4).
-126
Let n(o) = 776*o + 4668. Give n(-6).
12
Let i(b) = -332*b + 744. Calculate i(2).
80
Let w(z) = -15*z**2 - 353*z + 62. Determine w(-24).
-106
Let p(t) = 391*t + 4682. What is p(-12)?
-10
Let g(z) = -6*z**2 - 369*z - 4972. What is g(-20)?
8
Let q(b) = -5*b**2 + 45*b + 55. Calculate q(9).
55
Let n(i) = 3*i**2 - 111*i + 284. What is n(33)?
-112
Let b(i) = -6*i**3 - 213*i**2 + 110*i + 107. Calculate b(-36).
35
Let b(q) = -q**3 - 16*q**2 + 69*q - 29. Give b(-21).
727
Let c(s) = -556*s**2 + 16*s + 12. Give c(-1).
-560
Let o(t) = -37*t + 290. Calculate o(-10).
660
Let m(b) = -b**2 - 187*b - 5670. What is m(-38)?
-8
Let u(l) = l**3 + 11*l**2 + 5*l + 171. What is u(-12)?
-33
Let d(z) = z**2 + 89*z - 306. Determine d(-93).
66
Let c(t) = t**3 + 19*t**2 + 85*t - 47. Calculate c(-10).
3
Let q(s) = 1718*s + 13746. Give q(-8).
2
Let g(f) = -18*f - 156. What is g(-2)?
-120
Let r(w) = w**3 + 14*w**2 - 2*w - 413. Give r(-10).
7
Let m(u) = u**3 + 6*u**2 - 14*u + 15. Give m(-8).
-1
Let t(q) = -2*q**3 + 13*q**2 + 21*q + 58. Give t(8).
34
Let f(x) = -46*x**2 - 1841*x - 27. Calculate f(-40).
13
Let p(h) = 190*h - 15764. Determine p(83).
6
Let b(z) = 75*z + 4440. What is b(-59)?
15
Let a(v) = -v**3 + 5*v**2 + v + 209. What is a(0)?
209
Let q(r) = 105*r - 217. Give q(4).
203
Let z(f) = 4*f**2 - 27*f - 2. Calculate z(7).
5
Let w(a) = 4*a**2 + 34*a - 51. Determine w(-10).
9
Let k(p) = -25*p**2 + 2*p - 11. Give k(3).
-230
Let u(d) = -5433*d + 65197. Give u(12).
1
Let c(i) = -312*i - 1812. What is c(-6)?
60
Let o(t) = -2*t**3 - 47*t**2 + 25*t + 29. Determine o(-24).
5
Let o(g) = g**3 + 53*g**2 - 59*g - 245. What is o(-54)?
25
Let a(v) = v**3 + 104*v**2 - 323*v - 2. Give a(3).
-8
Let c(r) = -r**2 + 11*r + 282. Give c(20).
102
Let h(i) = -8*i**2 - 13*i + 25. What is h(5)?
-240
Let q(l) = -6*l + 377. Determine q(65).
-13
Let p(m) = -90*m - 1895. Give p(-21).
-5
Let t(n) = 31*n + 44. Give t(7).
261
Let a(f) = -2*f**2 + 95*f + 1275. Calculate a(-11).
-12
Let i(z) = z**3 - 54*z**2 + 151*z + 60. What is i(51)?
-42
Let a(o) = -11*o - 115. Give a(5).
-170
Let n(f) = 18*f - 1534. What is n(85)?
-4
Let i(b) = -5*b - 154. Determine i(-30).
-4
Let a(g) = 23*g**2 + 32*g + 5. Calculate a(-1).
-4
Let o(a) = -a**3 - 3*a**2 - 10*a - 4. Calculate o(-4).
52
Let y(c) = -c**3 + 18*c**2 - 17*c - 7. Give y(17).
-7
Let d(b) = 14*b**2 - 43*b - 49. Give d(4).
3
Let p(m) = 1117*m - 16756. Determine p(15).
-1
Let j(w) = -w**3 - 10*w**2 - 16*w - 8. Calculate j(-9).
55
Let z(v) = -19*v**2 + 41*v + 165. What is z(-5)?
-515
Let w(i) = -i**2 + i - 11. Give w(6).
-41
Let d(x) = -2*x**3 - 73*x**2 + 769*x + 182. Give d(-45).
2
Let p(c) = -2*c**2 - 34*c - 69. What is p(-8)?
75
Let s(c) = 2*c**2 - 24*c - 17. Give s(11).
-39
Let i(h) = -601*h**3 + 4*h - 1. Give i(1).
-598
Let j(t) = -354*t - 2117. What is j(-6)?
7
Let u(a) = -200*a**2 - 10*a - 3. Determine u(-1).
-193
Let c(t) = 167*t + 663. Determine c(-4).
-5
Let c(m) = -3*m**2 - 681*m - 10126. Determine c(-16).
2
Let j(b) = 2*b**2 + 76*b + 488. Determine j(-30).
8
Let q(f) = -8*f**2 + 763*f - 417. Determine q(95).
-132
Let k(j) = -4*j - 220. Give k(-42).
-52
Let a(c) = c**3 + 9*c**2 + 22*c - 26. Determine a(-9).
-224
Let g(c) = 4*c**2 - 35*c - 770. What is g(19)?
9
Let k(y) = y**3 - 9*y**2 - 2*y + 21. Determine k(7).
-91
Let t(d) = -34*d - 104. What is t(-1)?
-70
Let x(s) = -367*s + 25323. Calculate x(69).
0
Let p(t) = -171*t - 429. What is p(-6)?
597
Let g(r) = -5*r**2 + 21*r + 6. Calculate g(6).
-48
Let a(p) = 102*p - 2208. Calculate a(22).
36
Let c(k) = 912*k + 32824. Determine c(-36).
-8
Let w(l) = -23*l - 8. Calculate w(-17).
383
Let l(f) = -4*f - 104. Calculate l(4).
-120
Let x(r) = -5*r**3 + 7*r + 8. What is x(-1)?
6
Let o(b) = -b**2 - 78*b - 99. Calculate o(-16).
893
Let k(x) = -150*x - 555. Determine k(-4).
45
Let z(o) = -6*o**2 - 24*o + 114. Give z(4).
-78
Let a(d) = -d**3 - 36*d**2 - 12*d - 442. Calculate a(-36).
-10
Let a(h) = 59*h - 424. What is a(0)?
-424
Let l(d) = 877*d + 897. What is l(-1)?
20
Let n(q) = -q**2 + 14*q + 215. Give n(21).
68
Let y(i) = 34*i + 356. Calculate y(-6).
152
Let m(o) = 73*o - 305. Determine m(4).
-13
Let v(c) = -2*c**3 + 46*c**2 + 101*c - 32. What is v(25)?
-7
Let x(f) = -6*f**3 - 17*f**2 - 3*f - 15. Calculate x(-3).
3
Let a(n) = -n**2 - 541*n + 541. Calculate a(1).
-1
Let c(v) = 1246*v + 14978. Give c(-12).
26
Let j(m) = 2*m**2 - 15*m - 46. Determine j(-5).
79
Let m(t) = -3*t + 62. Give m(48).
-82
Let o(i) = 4*i**3 - 14*i**2 - 31*i + 3. Determine o(5).
-2
Let u(k) = -92*k + 2028. Determine u(22).
4
Let w(u) = -u**3 - 23*u**2 - 81*u - 2. Give w(-18).
-164
Let c(x) = 9*x - 49. What is c(3)?
-22
Let g(l) = l**3 + 16*l**2 - 41*l - 29. Give g(-18).
61
Let q(u) = -218*u - 1531. Give q(-7).
-5
Let q(f) = -134*f - 273. What is q(-2)?
-5
Let q(j) = 3*j**3 - 33*j**2 + j - 37. Calculate q(11).
-26
Let j(n) = -24*n + 2693. Determine j(112).
5
Let x(q) = -11*q + 43. Give x(18).
-155
Let b(c) = 9*c**2 - 108*c + 69. Give b(11).
-30
Let l(w) = -w + 107. Calculate l(12).
95
Let x(a) = -a**3 - 5*a**2 + 8*a + 48. Calculate x(-5).
8
Let z(r) = -2*r**3 - 42*r**2 - 80*r - 26. Give z(-19).
50
Let r(a) = 22*a**2 + 298*a - 101. Give r(-14).
39
Let k(u) = 695*u + 2830. Give k(-4).
50
Let h(x) = 19*x**3 + 195*x**2 - 154*x + 2. Calculate h(-11).
2
Let c(u) = -u**3 - 34*u**2 - 10*u + 265. What is c(-34)?
605
Let o(k) = 13*k + 133. What is o(-13)?
-36
Let m(j) = -j**3 + 10*j**2 - 14*j - 11. What is m(8)?
5
Let s(z) = -z**3 - 14*z**2 - 6*z - 80. Calculate s(-14).
4
Let t(g) = -g**3 + 3*g**2 + 165*g - 335. Give t(2).
-1
Let m(o) = 190*o - 1539. Calculate m(8).
-19
Let f(d) = 53*d + 436. Give f(-8).
12
Let q(m) = -m**3 + 7*m**2 - 9*m + 25. Determine q(5).
30
Let b(i) = -4*i**3 + 133*i**2 + 101*i + 88. Determine b(34).
54
Let z(p) = p**3 - 102*p**2 + 818*p + 1774. Calculate z(93).
7
Let g(s) = -s**3 - 2*s**2 + 54*s + 269. Determine g(-5).
74
Let l(d) = -19*d**2 + d - 52. Determine l(0).
-52
Let h(v) = v**2 - 72*v + 845. Give h(57).
-10
Let r(g) = 499*g + 8. Calculate r(0).
8
Let j(x) = -109*x - 3. Give j(1).
-112
Let q(x) = -219*x - 717. Determine q(-4).
159
Let d(a) = -a**3 - 11*a**2 - 18*a + 46. What is d(-8)?
-2
Let d(w) = -w**3 - 7*w**2 - 18*w + 5. Give d(-4).
29
Let o(a) = 2*a**3 - 701*a**2 + 1047*a + 6. Calculate o(349).
6
Let x(b) = 11*b**2 + 98*b - 125. What is x(-10)?
-5
Let x(f) = 6*f**2 + 65*f - 1640. What is x(12)?
4
Let o(d) = -75*d - 523. Determine o(-8).
77
Let r(i) = -2*i**2 + 20*i + 1. Give r(6).
49
Let s(b) = -3*b**2 + 38*b + 155. What is s(16)?
-5
Let u(d) = 6*d**2 - 797*d + 654. Calculate u(132).
-6
Let h(x) = -x**3 - 23*x**2 - 19*x + 41. Give h(-22).
-25
Let f(m) = 51*m - 653. Give f(13).
10
Let d(l) = l**3 + 35*l**2 + 63*l - 56. Determine d(-33).
43
Let t(y) = -37*y + 156. What is t(3)?
45
Let j(w) = w**2 - 47*w - 572. Calcu